{"id":584,"date":"2024-05-15T16:41:14","date_gmt":"2024-05-15T16:41:14","guid":{"rendered":"https:\/\/ag-unternehmensberatung.de\/home\/?page_id=584"},"modified":"2024-05-15T16:42:21","modified_gmt":"2024-05-15T16:42:21","slug":"coaching","status":"publish","type":"page","link":"https:\/\/ag-unternehmensberatung.de\/home\/coaching","title":{"rendered":"Coaching"},"content":{"rendered":"\n<div style=\"height:25px\" aria-hidden=\"true\" class=\"wp-block-spacer\"><\/div>\n\n\n\n<p class=\"has-text-align-center has-white-color has-custom-dunkles-blau-background-color has-text-color has-background has-link-color has-bad-script-font-family wp-elements-5c0a17bf91f0dc92e785975fc88ce972\" style=\"font-size:24px\">\u201eMehr als die Vergangenheit interessiert mich die Zukunft, denn in ihr gedenke ich zu leben.\u201c \u2014&nbsp;Albert Einstein<\/p>\n\n\n\n<ul class=\"wp-block-list\"><\/ul>\n\n\n\n<div style=\"height:25px\" aria-hidden=\"true\" class=\"wp-block-spacer\"><\/div>\n\n\n\n<div class=\"wp-block-columns are-vertically-aligned-top is-layout-flex wp-container-core-columns-is-layout-28f84493 wp-block-columns-is-layout-flex\">\n<div class=\"wp-block-column is-vertically-aligned-top is-layout-flow wp-container-core-column-is-layout-918ae4a1 wp-block-column-is-layout-flow\" style=\"padding-top:var(--wp--preset--spacing--30);padding-right:0;padding-bottom:var(--wp--preset--spacing--30);padding-left:0;flex-basis:33.33%\">\n<figure class=\"wp-block-image aligncenter size-large has-custom-border\"><img loading=\"lazy\" decoding=\"async\" width=\"1024\" height=\"683\" src=\"https:\/\/ag-unternehmensberatung.de\/wp-content\/uploads\/2024\/05\/delegate-7101330_1920-1024x683.jpg\" alt=\"\" class=\"wp-image-586\" style=\"border-radius:5px;object-fit:cover\" srcset=\"https:\/\/ag-unternehmensberatung.de\/wp-content\/uploads\/2024\/05\/delegate-7101330_1920-1024x683.jpg 1024w, https:\/\/ag-unternehmensberatung.de\/wp-content\/uploads\/2024\/05\/delegate-7101330_1920-300x200.jpg 300w, https:\/\/ag-unternehmensberatung.de\/wp-content\/uploads\/2024\/05\/delegate-7101330_1920-768x512.jpg 768w, https:\/\/ag-unternehmensberatung.de\/wp-content\/uploads\/2024\/05\/delegate-7101330_1920-1536x1024.jpg 1536w, https:\/\/ag-unternehmensberatung.de\/wp-content\/uploads\/2024\/05\/delegate-7101330_1920.jpg 1920w\" sizes=\"auto, (max-width: 1024px) 100vw, 1024px\" \/><\/figure>\n<\/div>\n\n\n\n<div class=\"wp-block-column is-vertically-aligned-top is-layout-flow wp-block-column-is-layout-flow\" style=\"flex-basis:66.66%\">\n<p><strong>Sehnen Sie sich nach mehr Balance und unternehmerischer Freiheit?<\/strong><\/p>\n\n\n\n<p><strong>Stellen Sie sich vor:<\/strong> Sie haben Ihren Arbeitstag gemeistert, ohne ein Gef\u00fchl der Ersch\u00f6pfung zu versp\u00fcren. Sie blicken auf ein harmonisches und erfolgreiches Team, in dem Konflikte schnell und konstruktiv gel\u00f6st werden. <strong>Sie haben die Kontrolle \u00fcber Ihr Leben und Ihr Unternehmen \u2013 und genie\u00dfen die Zeit f\u00fcr die wirklich wichtigen Dinge!<\/strong><\/p>\n\n\n\n<p><strong>Mit meiner Expertise k\u00f6nnen Sie diese Vision Realit\u00e4t werden lassen!<\/strong><\/p>\n\n\n\n<p><strong>Gemeinsam schaffen wir mehr Balance in Ihrem Leben und st\u00e4rken Ihre unternehmerischen Kompetenzen.<\/strong> So gewinnen Sie die Freiheit, sich auf Ihre Kernaufgaben zu konzentrieren und Ihr Unternehmen zu neuen H\u00f6hen zu f\u00fchren.<\/p>\n\n\n\n<p><strong>Profitieren Sie von meiner Erfahrung:<\/strong><\/p>\n\n\n\n<ul class=\"wp-block-list\">\n<li style=\"text-transform:none\"><strong>Work-Life-Balance:<\/strong> Wir entwickeln Strategien f\u00fcr ein ausgeglichenes und erf\u00fclltes Leben.<\/li>\n\n\n\n<li style=\"text-transform:none\"><strong>Kommunikationstraining:<\/strong> Wir verbessern Ihre Kommunikations- und F\u00fchrungsF\u00e4higkeiten.<\/li>\n\n\n\n<li style=\"text-transform:none\"><strong>Konfliktmanagement:<\/strong> Wir etablieren effektive Methoden zur Konfliktl\u00f6sung.<\/li>\n<\/ul>\n\n\n\n<p><strong>Sind Sie bereit, Ihr Leben und Ihr Unternehmen neu zu gestalten?<\/strong><\/p>\n\n\n\n<p><strong>Dann lassen Sie uns gemeinsam Ihre Vision Wirklichkeit werden lassen!<\/strong><\/p>\n\n\n\n<p><strong>Gemeinsam gestalten wir Ihre Zukunft \u2013 voller Balance, Erfolg und pers\u00f6nlicher Erf\u00fcllung!<\/strong><\/p>\n\n\n\n<div style=\"height:20px\" aria-hidden=\"true\" class=\"wp-block-spacer\"><\/div>\n\n\n\n<div class=\"wp-block-buttons is-layout-flex wp-block-buttons-is-layout-flex\">\n<div class=\"wp-block-button\"><a class=\"wp-block-button__link wp-element-button\">Kontaktieren Sie mich noch heute f\u00fcr ein kostenloses Erstgespr\u00e4ch.<\/a><\/div>\n<\/div>\n<\/div>\n<\/div>\n\n\n\n<div style=\"height:25px\" aria-hidden=\"true\" class=\"wp-block-spacer\"><\/div>\n\n\n\n<div style=\"height:25px\" aria-hidden=\"true\" class=\"wp-block-spacer\"><\/div>\n\n\n\n<figure class=\"wp-block-pullquote has-text-align-center has-custom-dunkles-blau-color has-text-color has-link-color has-roboto-font-family has-normal-font-size wp-elements-1475bf88d70f41371a71c25363d82e4e\"><blockquote><p><strong>Jetzt F\u00f6rdermittel nutzen!<\/strong><br><strong>Beratungs- &amp; Coaching-F\u00f6rderung f\u00fcr junge Unternehmen (Start-ups) sowie kleine und mittlere hessische Unternehmen<\/strong><br><br>Als qualifizierter Berater arbeite ich mit dem RKW-Hessen zusammen, so dass meine Beratung bezuschusst werden kann. <br>Der Zuschuss zum Beratungshonorar betr\u00e4gt max. 400,- Euro je Tagewerk (max. 50 Prozent).<br>F\u00fcr alle F\u00f6rderprogramme k\u00f6nnen KMU insgesamt max. 15 Tagewerke F\u00f6rderung je Kalenderjahr in Anspruch nehmen.<br>Gef\u00f6rdert durch das Hessische Ministerium f\u00fcr Wirtschaft, Energie, Verkehr, Wohnen und l\u00e4ndlichen Raum.<\/p><\/blockquote><\/figure>\n\n\n\n<div style=\"height:25px\" aria-hidden=\"true\" class=\"wp-block-spacer\"><\/div>\n\n\n\n<div class=\"wp-block-columns is-layout-flex wp-container-core-columns-is-layout-28f84493 wp-block-columns-is-layout-flex\">\n<div class=\"wp-block-column is-layout-flow wp-block-column-is-layout-flow\">\n<div class=\"wp-block-buttons is-content-justification-center is-layout-flex wp-container-core-buttons-is-layout-a89b3969 wp-block-buttons-is-layout-flex\">\n<div class=\"wp-block-button\"><a class=\"wp-block-button__link wp-element-button\" href=\"Mailto:Info@ag-unternehmensberatung.de\">Verlieren Sie keine Zeit &#8211; Jetzt unverbindliches Erstgespr\u00e4ch vereinbaren<\/a><\/div>\n<\/div>\n<\/div>\n<\/div>\n\n\n\n<div style=\"height:25px\" aria-hidden=\"true\" class=\"wp-block-spacer\"><\/div>\n","protected":false},"excerpt":{"rendered":"<p>\u201eMehr als die Vergangenheit interessiert mich die Zukunft, denn in ihr gedenke ich zu leben.\u201c [&hellip;]<\/p>\n","protected":false},"author":1,"featured_media":0,"parent":0,"menu_order":0,"comment_status":"closed","ping_status":"closed","template":"","meta":{"footnotes":""},"class_list":["post-584","page","type-page","status-publish","hentry"],"_links":{"self":[{"href":"https:\/\/ag-unternehmensberatung.de\/home\/wp-json\/wp\/v2\/pages\/584","targetHints":{"allow":["GET"]}}],"collection":[{"href":"https:\/\/ag-unternehmensberatung.de\/home\/wp-json\/wp\/v2\/pages"}],"about":[{"href":"https:\/\/ag-unternehmensberatung.de\/home\/wp-json\/wp\/v2\/types\/page"}],"author":[{"embeddable":true,"href":"https:\/\/ag-unternehmensberatung.de\/home\/wp-json\/wp\/v2\/users\/1"}],"replies":[{"embeddable":true,"href":"https:\/\/ag-unternehmensberatung.de\/home\/wp-json\/wp\/v2\/comments?post=584"}],"version-history":[{"count":10,"href":"https:\/\/ag-unternehmensberatung.de\/home\/wp-json\/wp\/v2\/pages\/584\/revisions"}],"predecessor-version":[{"id":678,"href":"https:\/\/ag-unternehmensberatung.de\/home\/wp-json\/wp\/v2\/pages\/584\/revisions\/678"}],"wp:attachment":[{"href":"https:\/\/ag-unternehmensberatung.de\/home\/wp-json\/wp\/v2\/media?parent=584"}],"curies":[{"name":"wp","href":"https:\/\/api.w.org\/{rel}","templated":true}]}}