{"id":522,"date":"2024-05-15T16:31:17","date_gmt":"2024-05-15T16:31:17","guid":{"rendered":"https:\/\/ag-unternehmensberatung.de\/home\/?page_id=522"},"modified":"2024-05-15T17:33:17","modified_gmt":"2024-05-15T17:33:17","slug":"angebot","status":"publish","type":"page","link":"https:\/\/ag-unternehmensberatung.de\/home\/angebot","title":{"rendered":"Angebot"},"content":{"rendered":"\n<div style=\"height:25px\" aria-hidden=\"true\" class=\"wp-block-spacer\"><\/div>\n\n\n\n<div class=\"wp-block-columns is-layout-flex wp-container-core-columns-is-layout-28f84493 wp-block-columns-is-layout-flex\">\n<div class=\"wp-block-column has-custom-dunkles-blau-background-color has-background is-layout-constrained wp-block-column-is-layout-constrained\" style=\"padding-top:var(--wp--preset--spacing--30);padding-bottom:var(--wp--preset--spacing--30)\">\n<figure class=\"wp-block-image size-large\"><img loading=\"lazy\" decoding=\"async\" width=\"1024\" height=\"307\" src=\"https:\/\/ag-unternehmensberatung.de\/wp-content\/uploads\/2024\/04\/Cover-AGB-2_3-1024x307.jpg\" alt=\"\" class=\"wp-image-364\" srcset=\"https:\/\/ag-unternehmensberatung.de\/wp-content\/uploads\/2024\/04\/Cover-AGB-2_3-1024x307.jpg 1024w, https:\/\/ag-unternehmensberatung.de\/wp-content\/uploads\/2024\/04\/Cover-AGB-2_3-300x90.jpg 300w, https:\/\/ag-unternehmensberatung.de\/wp-content\/uploads\/2024\/04\/Cover-AGB-2_3-768x230.jpg 768w, https:\/\/ag-unternehmensberatung.de\/wp-content\/uploads\/2024\/04\/Cover-AGB-2_3-1536x461.jpg 1536w, https:\/\/ag-unternehmensberatung.de\/wp-content\/uploads\/2024\/04\/Cover-AGB-2_3-2048x614.jpg 2048w\" sizes=\"auto, (max-width: 1024px) 100vw, 1024px\" \/><\/figure>\n\n\n\n<p class=\"has-text-align-center has-white-color has-custom-dunkles-blau-background-color has-text-color has-background has-link-color has-roboto-font-family has-normal-font-size wp-elements-e5de652f84c38e9d58f059f984c5ecf3\" style=\"margin-top:0;margin-bottom:0;padding-top:0;padding-right:0;padding-bottom:0;padding-left:0\"><strong>Organisationsberatung<\/strong><\/p>\n<\/div>\n\n\n\n<div class=\"wp-block-column has-custom-dunkles-blau-background-color has-background is-layout-constrained wp-block-column-is-layout-constrained\" style=\"padding-top:var(--wp--preset--spacing--30);padding-bottom:var(--wp--preset--spacing--30)\">\n<figure class=\"wp-block-image size-large\"><img loading=\"lazy\" decoding=\"async\" width=\"1024\" height=\"307\" src=\"https:\/\/ag-unternehmensberatung.de\/wp-content\/uploads\/2024\/04\/Cover-AGB-2_2-1024x307.jpg\" alt=\"\" class=\"wp-image-365\" srcset=\"https:\/\/ag-unternehmensberatung.de\/wp-content\/uploads\/2024\/04\/Cover-AGB-2_2-1024x307.jpg 1024w, https:\/\/ag-unternehmensberatung.de\/wp-content\/uploads\/2024\/04\/Cover-AGB-2_2-300x90.jpg 300w, https:\/\/ag-unternehmensberatung.de\/wp-content\/uploads\/2024\/04\/Cover-AGB-2_2-768x230.jpg 768w, https:\/\/ag-unternehmensberatung.de\/wp-content\/uploads\/2024\/04\/Cover-AGB-2_2-1536x461.jpg 1536w, https:\/\/ag-unternehmensberatung.de\/wp-content\/uploads\/2024\/04\/Cover-AGB-2_2-2048x614.jpg 2048w\" sizes=\"auto, (max-width: 1024px) 100vw, 1024px\" \/><\/figure>\n\n\n\n<p class=\"has-text-align-center has-white-color has-custom-dunkles-blau-background-color has-text-color has-background has-link-color has-roboto-font-family has-normal-font-size wp-elements-6d3639ef444d7459f01025fa09811741\" style=\"padding-top:0;padding-right:0;padding-bottom:0;padding-left:0\"><strong>Personalmarketing<\/strong><\/p>\n<\/div>\n\n\n\n<div class=\"wp-block-column has-custom-dunkles-blau-background-color has-background is-layout-constrained wp-block-column-is-layout-constrained\" style=\"padding-top:var(--wp--preset--spacing--30);padding-bottom:var(--wp--preset--spacing--30)\">\n<figure class=\"wp-block-image size-large\"><img loading=\"lazy\" decoding=\"async\" width=\"1024\" height=\"307\" src=\"https:\/\/ag-unternehmensberatung.de\/wp-content\/uploads\/2024\/04\/Cover-AGB-2_1-1024x307.jpg\" alt=\"\" class=\"wp-image-366\" srcset=\"https:\/\/ag-unternehmensberatung.de\/wp-content\/uploads\/2024\/04\/Cover-AGB-2_1-1024x307.jpg 1024w, https:\/\/ag-unternehmensberatung.de\/wp-content\/uploads\/2024\/04\/Cover-AGB-2_1-300x90.jpg 300w, https:\/\/ag-unternehmensberatung.de\/wp-content\/uploads\/2024\/04\/Cover-AGB-2_1-768x230.jpg 768w, https:\/\/ag-unternehmensberatung.de\/wp-content\/uploads\/2024\/04\/Cover-AGB-2_1-1536x461.jpg 1536w, https:\/\/ag-unternehmensberatung.de\/wp-content\/uploads\/2024\/04\/Cover-AGB-2_1-2048x614.jpg 2048w\" sizes=\"auto, (max-width: 1024px) 100vw, 1024px\" \/><\/figure>\n\n\n\n<p class=\"has-text-align-center has-white-color has-custom-dunkles-blau-background-color has-text-color has-background has-link-color has-roboto-font-family has-normal-font-size wp-elements-95e4374d18f7f3b63c908cf2c90bcc47\" style=\"padding-top:0;padding-right:0;padding-bottom:0;padding-left:0\"><strong>Stresspr\u00e4vention<\/strong><\/p>\n<\/div>\n\n\n\n<div class=\"wp-block-column has-custom-dunkles-blau-background-color has-background is-layout-constrained wp-block-column-is-layout-constrained\" style=\"padding-top:var(--wp--preset--spacing--30);padding-bottom:var(--wp--preset--spacing--30)\">\n<figure class=\"wp-block-image size-large\"><img loading=\"lazy\" decoding=\"async\" width=\"1024\" height=\"307\" src=\"https:\/\/ag-unternehmensberatung.de\/wp-content\/uploads\/2024\/04\/Cover-AGB-2_0-1024x307.jpg\" alt=\"\" class=\"wp-image-367\" srcset=\"https:\/\/ag-unternehmensberatung.de\/wp-content\/uploads\/2024\/04\/Cover-AGB-2_0-1024x307.jpg 1024w, https:\/\/ag-unternehmensberatung.de\/wp-content\/uploads\/2024\/04\/Cover-AGB-2_0-300x90.jpg 300w, https:\/\/ag-unternehmensberatung.de\/wp-content\/uploads\/2024\/04\/Cover-AGB-2_0-768x230.jpg 768w, https:\/\/ag-unternehmensberatung.de\/wp-content\/uploads\/2024\/04\/Cover-AGB-2_0-1536x461.jpg 1536w, https:\/\/ag-unternehmensberatung.de\/wp-content\/uploads\/2024\/04\/Cover-AGB-2_0-2048x614.jpg 2048w\" sizes=\"auto, (max-width: 1024px) 100vw, 1024px\" \/><\/figure>\n\n\n\n<p class=\"has-text-align-center has-white-color has-custom-dunkles-blau-background-color has-text-color has-background has-link-color has-roboto-font-family has-normal-font-size wp-elements-ba6be72761e019c0c5e07ca48b292837\" style=\"padding-top:0;padding-right:0;padding-bottom:0;padding-left:0\"><strong>Coaching<\/strong><\/p>\n<\/div>\n<\/div>\n\n\n\n<div class=\"wp-block-columns is-layout-flex wp-container-core-columns-is-layout-28f84493 wp-block-columns-is-layout-flex\">\n<div class=\"wp-block-column is-layout-flow wp-block-column-is-layout-flow\">\n<p class=\"has-roboto-font-family\"><strong>F\u00fchlen Sie sich \u00fcberfordert mit komplexen Prozessen und unklaren Strukturen?<\/strong><\/p>\n\n\n\n<div style=\"height:14px\" aria-hidden=\"true\" class=\"wp-block-spacer\"><\/div>\n\n\n\n<p class=\"has-roboto-font-family\"><strong>Stellen Sie sich vor:<\/strong> Sie blicken auf ein Unternehmen, in dem jeder Handgriff sitzt. Klar definierte Prozesse, eindeutige Verantwortlichkeiten und motivierte Mitarbeiter, die ihre Aufgaben mit Freude und Effizienz bew\u00e4ltigen. <strong>Ihr Unternehmen strahlt Souver\u00e4nit\u00e4t und Professionalit\u00e4t aus.<\/strong><\/p>\n\n\n\n<div style=\"height:20px\" aria-hidden=\"true\" class=\"wp-block-spacer\"><\/div>\n\n\n\n<div class=\"wp-block-buttons is-content-justification-center is-layout-flex wp-container-core-buttons-is-layout-3bc9e530 wp-block-buttons-is-layout-flex\" style=\"margin-top:var(--wp--preset--spacing--20);margin-bottom:var(--wp--preset--spacing--20)\">\n<div class=\"wp-block-button\"><a class=\"wp-block-button__link has-text-align-center wp-element-button\" href=\"https:\/\/ag-unternehmensberatung.de\/home\/organisationsberatung\">Mehr Erfahren<\/a><\/div>\n<\/div>\n\n\n\n<div style=\"height:20px\" aria-hidden=\"true\" class=\"wp-block-spacer\"><\/div>\n\n\n\n<p class=\"has-roboto-font-family\"><strong>Sind Sie bereit, Ihr Unternehmen auf die n\u00e4chste Stufe zu heben?<\/strong><\/p>\n\n\n\n<p class=\"has-roboto-font-family\"><strong>Dann lassen Sie uns gemeinsam Ihr Potenzial entfesseln!<\/strong><\/p>\n\n\n\n<p><\/p>\n<\/div>\n\n\n\n<div class=\"wp-block-column is-layout-flow wp-block-column-is-layout-flow\">\n<p class=\"has-roboto-font-family\"><strong>Sind Sie es leid, mit unmotivierten Mitarbeitern und hoher Fluktuation zu k\u00e4mpfen?<\/strong><\/p>\n\n\n\n<p class=\"has-roboto-font-family\"><strong>Stellen Sie sich vor:<\/strong> Sie blicken auf ein Team voller engagierter und leistungsstarker Mitarbeiter. Jeder Einzelne bringt seine St\u00e4rken ein und arbeitet mit Freude und Eigeninitiative. <strong>Ihr Unternehmen ist ein Magnet f\u00fcr Top-Talente und strahlt aus: Hier wird man wertgesch\u00e4tzt!<\/strong><\/p>\n\n\n\n<div style=\"height:20px\" aria-hidden=\"true\" class=\"wp-block-spacer\"><\/div>\n\n\n\n<div class=\"wp-block-buttons is-content-justification-center is-layout-flex wp-container-core-buttons-is-layout-d565fcec wp-block-buttons-is-layout-flex\" style=\"margin-top:var(--wp--preset--spacing--20);margin-bottom:var(--wp--preset--spacing--20)\">\n<div class=\"wp-block-button\"><a class=\"wp-block-button__link has-text-align-center wp-element-button\" href=\"https:\/\/ag-unternehmensberatung.de\/home\/personalmarketing\">Mehr Erfahren<\/a><\/div>\n<\/div>\n\n\n\n<div style=\"height:20px\" aria-hidden=\"true\" class=\"wp-block-spacer\"><\/div>\n\n\n\n<p class=\"has-roboto-font-family\"><strong>Sind Sie bereit, Ihr Unternehmen zu einem Leuchtturm f\u00fcr Mitarbeiterfreundlichkeit zu machen?<\/strong><\/p>\n\n\n\n<p class=\"has-roboto-font-family\"><strong>Dann lassen Sie uns gemeinsam Ihre Unternehmenskultur transformieren!<\/strong><\/p>\n<\/div>\n\n\n\n<div class=\"wp-block-column is-layout-flow wp-block-column-is-layout-flow\">\n<p class=\"has-roboto-font-family\"><strong>Sind Ihre Mitarbeiter den wachsenden Anforderungen des Arbeitsalltags gewachsen?<\/strong><\/p>\n\n\n\n<p class=\"has-roboto-font-family\"><strong>Stellen Sie sich vor:<\/strong> Ihr Team meistert jede Herausforderung mit Leichtigkeit und strahlt pure Energie aus. Stress und Burnout sind Fremdworte. <br><strong>Ihre Mitarbeiter sind mental stark und resilient \u2013 die perfekte Grundlage f\u00fcr nachhaltigen Erfolg!<\/strong><\/p>\n\n\n\n<div style=\"height:20px\" aria-hidden=\"true\" class=\"wp-block-spacer\"><\/div>\n\n\n\n<div class=\"wp-block-buttons is-content-justification-center is-layout-flex wp-container-core-buttons-is-layout-d565fcec wp-block-buttons-is-layout-flex\" style=\"margin-top:var(--wp--preset--spacing--20);margin-bottom:var(--wp--preset--spacing--20)\">\n<div class=\"wp-block-button\"><a class=\"wp-block-button__link has-text-align-center wp-element-button\" href=\"https:\/\/ag-unternehmensberatung.de\/home\/stresspraevention\">Mehr Erfahren<\/a><\/div>\n<\/div>\n\n\n\n<div style=\"height:20px\" aria-hidden=\"true\" class=\"wp-block-spacer\"><\/div>\n\n\n\n<p class=\"has-roboto-font-family\"><strong>Sind Sie bereit, Ihr Unternehmen zu einem Ort des Wohlbefindens und der H\u00f6chstleistung zu machen?<\/strong><\/p>\n\n\n\n<p class=\"has-roboto-font-family\"><strong>Dann lassen Sie uns gemeinsam die mentale Gesundheit Ihrer Mitarbeiter st\u00e4rken!<\/strong><\/p>\n<\/div>\n\n\n\n<div class=\"wp-block-column is-layout-flow wp-block-column-is-layout-flow\">\n<p class=\"has-roboto-font-family\"><strong>Sehnen Sie sich nach mehr Balance und unternehmerischer Freiheit?<\/strong><\/p>\n\n\n\n<p class=\"has-roboto-font-family\"><strong>Stellen Sie sich vor:<\/strong> Sie haben Ihren Arbeitstag gemeistert, ohne ein Gef\u00fchl der Ersch\u00f6pfung zu versp\u00fcren. Sie blicken auf ein harmonisches und erfolgreiches Team, in dem Konflikte schnell und konstruktiv gel\u00f6st werden. <strong>Sie haben die Kontrolle \u00fcber Ihr Leben und Ihr Unternehmen \u2013 und genie\u00dfen die Zeit f\u00fcr die wirklich wichtigen Dinge!<\/strong><\/p>\n\n\n\n<div style=\"height:20px\" aria-hidden=\"true\" class=\"wp-block-spacer\"><\/div>\n\n\n\n<div class=\"wp-block-buttons is-content-justification-center is-layout-flex wp-container-core-buttons-is-layout-d565fcec wp-block-buttons-is-layout-flex\" style=\"margin-top:var(--wp--preset--spacing--20);margin-bottom:var(--wp--preset--spacing--20)\">\n<div class=\"wp-block-button\"><a class=\"wp-block-button__link has-text-align-center wp-element-button\" href=\"https:\/\/ag-unternehmensberatung.de\/home\/coaching\">MEhr Erfahren<\/a><\/div>\n<\/div>\n\n\n\n<div style=\"height:20px\" aria-hidden=\"true\" class=\"wp-block-spacer\"><\/div>\n\n\n\n<p class=\"has-roboto-font-family\"><strong>Sind Sie bereit, Ihr Leben und Ihr Unternehmen neu zu gestalten?<\/strong><\/p>\n\n\n\n<p class=\"has-roboto-font-family\"><strong>Dann lassen Sie uns gemeinsam Ihre Vision Wirklichkeit werden lassen!<\/strong><\/p>\n\n\n\n<p><\/p>\n<\/div>\n<\/div>\n\n\n\n<div style=\"height:25px\" aria-hidden=\"true\" class=\"wp-block-spacer\"><\/div>\n\n\n\n<div style=\"height:25px\" aria-hidden=\"true\" class=\"wp-block-spacer\"><\/div>\n\n\n\n<div class=\"wp-block-buttons is-content-justification-center is-layout-flex wp-container-core-buttons-is-layout-a89b3969 wp-block-buttons-is-layout-flex\">\n<div class=\"wp-block-button has-custom-width wp-block-button__width-50 has-custom-font-size has-roboto-font-family has-normal-font-size\"><a class=\"wp-block-button__link has-white-color has-text-color has-link-color has-text-align-center wp-element-button\" href=\"mailto:Info@ag-unternehmensberatung.de\">Kontaktieren Sie mich noch heute f\u00fcr ein kostenloses Erstgespr\u00e4ch.<\/a><\/div>\n<\/div>\n\n\n\n<div style=\"height:25px\" aria-hidden=\"true\" class=\"wp-block-spacer\"><\/div>\n\n\n\n<div style=\"height:25px\" aria-hidden=\"true\" class=\"wp-block-spacer\"><\/div>\n\n\n\n<div style=\"height:25px\" aria-hidden=\"true\" class=\"wp-block-spacer\"><\/div>\n\n\n\n<div class=\"wp-block-columns has-custom-dunkles-blau-background-color has-background is-layout-flex wp-container-core-columns-is-layout-f732cb08 wp-block-columns-is-layout-flex\" style=\"margin-top:0;margin-bottom:0\">\n<div class=\"wp-block-column is-layout-flow wp-block-column-is-layout-flow\">\n<p class=\"has-text-align-center has-white-color has-custom-dunkles-blau-background-color has-text-color has-background has-link-color has-roboto-font-family has-normal-font-size wp-elements-181ab9e1bc5db1006b3a90208c9a8239\"><strong>Gemeinsam gestalten wir Ihre unternehmerische Zukunft mir begeisterten Mitarbeitern und nachhaltigem Erfolg! <br>Eine Zukunft voller Energie, Leistungsf\u00e4higkeit und pers\u00f6nlicher Erf\u00fcllung. <\/strong><\/p>\n<\/div>\n<\/div>\n\n\n\n<div style=\"height:25px\" aria-hidden=\"true\" class=\"wp-block-spacer\"><\/div>\n\n\n\n<div style=\"height:25px\" aria-hidden=\"true\" class=\"wp-block-spacer\"><\/div>\n\n\n\n<figure class=\"wp-block-pullquote has-text-align-center has-custom-dunkles-blau-color has-text-color has-link-color has-roboto-font-family has-normal-font-size wp-elements-1475bf88d70f41371a71c25363d82e4e\"><blockquote><p><strong>Jetzt F\u00f6rdermittel nutzen!<\/strong><br><strong>Beratungs- &amp; Coaching-F\u00f6rderung f\u00fcr junge Unternehmen (Start-ups) sowie kleine und mittlere hessische Unternehmen<\/strong><br><br>Als qualifizierter Berater arbeite ich mit dem RKW-Hessen zusammen, so dass meine Beratung bezuschusst werden kann. <br>Der Zuschuss zum Beratungshonorar betr\u00e4gt max. 400,- Euro je Tagewerk (max. 50 Prozent).<br>F\u00fcr alle F\u00f6rderprogramme k\u00f6nnen KMU insgesamt max. 15 Tagewerke F\u00f6rderung je Kalenderjahr in Anspruch nehmen.<br>Gef\u00f6rdert durch das Hessische Ministerium f\u00fcr Wirtschaft, Energie, Verkehr, Wohnen und l\u00e4ndlichen Raum.<\/p><\/blockquote><\/figure>\n\n\n\n<div style=\"height:25px\" aria-hidden=\"true\" class=\"wp-block-spacer\"><\/div>\n\n\n\n<div class=\"wp-block-columns is-layout-flex wp-container-core-columns-is-layout-28f84493 wp-block-columns-is-layout-flex\">\n<div class=\"wp-block-column is-layout-flow wp-block-column-is-layout-flow\">\n<div class=\"wp-block-buttons is-content-justification-center is-layout-flex wp-container-core-buttons-is-layout-a89b3969 wp-block-buttons-is-layout-flex\">\n<div class=\"wp-block-button has-custom-width wp-block-button__width-50\"><a class=\"wp-block-button__link wp-element-button\" href=\"Mailto:Info@ag-unternehmensberatung.de\">Verlieren Sie keine Zeit &#8211; Jetzt unverbindliches Erstgespr\u00e4ch vereinbaren<\/a><\/div>\n<\/div>\n<\/div>\n<\/div>\n\n\n\n<div style=\"height:25px\" aria-hidden=\"true\" class=\"wp-block-spacer\"><\/div>\n","protected":false},"excerpt":{"rendered":"<p>Organisationsberatung Personalmarketing Stresspr\u00e4vention Coaching F\u00fchlen Sie sich \u00fcberfordert mit komplexen Prozessen und unklaren Strukturen? Stellen [&hellip;]<\/p>\n","protected":false},"author":1,"featured_media":0,"parent":0,"menu_order":0,"comment_status":"closed","ping_status":"closed","template":"","meta":{"footnotes":""},"class_list":["post-522","page","type-page","status-publish","hentry"],"_links":{"self":[{"href":"https:\/\/ag-unternehmensberatung.de\/home\/wp-json\/wp\/v2\/pages\/522","targetHints":{"allow":["GET"]}}],"collection":[{"href":"https:\/\/ag-unternehmensberatung.de\/home\/wp-json\/wp\/v2\/pages"}],"about":[{"href":"https:\/\/ag-unternehmensberatung.de\/home\/wp-json\/wp\/v2\/types\/page"}],"author":[{"embeddable":true,"href":"https:\/\/ag-unternehmensberatung.de\/home\/wp-json\/wp\/v2\/users\/1"}],"replies":[{"embeddable":true,"href":"https:\/\/ag-unternehmensberatung.de\/home\/wp-json\/wp\/v2\/comments?post=522"}],"version-history":[{"count":61,"href":"https:\/\/ag-unternehmensberatung.de\/home\/wp-json\/wp\/v2\/pages\/522\/revisions"}],"predecessor-version":[{"id":691,"href":"https:\/\/ag-unternehmensberatung.de\/home\/wp-json\/wp\/v2\/pages\/522\/revisions\/691"}],"wp:attachment":[{"href":"https:\/\/ag-unternehmensberatung.de\/home\/wp-json\/wp\/v2\/media?parent=522"}],"curies":[{"name":"wp","href":"https:\/\/api.w.org\/{rel}","templated":true}]}}